{"id":1688,"date":"2024-07-15T13:42:40","date_gmt":"2024-07-15T13:42:40","guid":{"rendered":"https:\/\/kazarishop.com.br\/?post_type=product&#038;p=1688"},"modified":"2024-07-15T13:43:34","modified_gmt":"2024-07-15T13:43:34","slug":"furin-pingente-de-sinos-dos-ventos","status":"publish","type":"product","link":"https:\/\/kazarishop.com.br\/index.php\/product\/furin-pingente-de-sinos-dos-ventos\/","title":{"rendered":"Furin &#8211; Pingente de sinos dos ventos"},"content":{"rendered":"<p><strong>Caracter\u00edstica:<\/strong><\/p>\n<p>1. Brinquedo de pendurar estilo pingente, ecol\u00f3gico, seguro, n\u00e3o t\u00f3xico.<br \/>\n2. Brinquedo de boneca colorida tipo espantalho para decora\u00e7\u00e3o de ambientes, souvenir ou brinquedo adequado para atrair ou decorar gaiola de p\u00e1ssaros.<br \/>\n3. Dois sinos no brinquedo de pendurar e haver\u00e1 um som agrad\u00e1vel quando o p\u00e1ssaro estiver sobre ele.<br \/>\n4. Voc\u00ea n\u00e3o precisa passar muito tempo brincando com o p\u00e1ssaro ou se preocupar com isso vai quebrar as coisas.<br \/>\n5. Equipado com um gancho para pendurar na gaiola de p\u00e1ssaros ou objetos, conveniente e f\u00e1cil de usar.<\/p>\n<p>Especifica\u00e7\u00e3o:<\/p>\n<p>Tipo de item: Brinquedo de p\u00e1ssaro, souvenir, item de decora\u00e7\u00e3o casa<\/p>\n<p>Material: Tran\u00e7a de canudo<\/p>\n<p>Tamanho do produto &amp; Nbsp; (com gancho e corda): aprox. 34 x 6,5 x 6,5 cm.<\/p>\n<p>Pacote &amp; Nbsp; Tamanho: aprox. 21 x 15 x 5 cm.<\/p>\n<p>Peso l\u00edquido do produto: aprox. 57 g.<\/p>\n<p>Peso bruto do produto: aprox. 59 g.<\/p>\n<p>Conte\u00fado da embalagem:<\/p>\n<p>1 brinquedo Furin.<\/p>\n","protected":false},"excerpt":{"rendered":"<p>Durante o quente ver\u00e3o japon\u00eas \u00e9 muito comum ouvir o tilintar de pequenos sinos pelas ruas de diversas regi\u00f5es do pa\u00eds. Esse som vem do f\u016brin (\u98a8\u9234), os chamados \u201csinos de vento\u201d, que\u00a0<b>s\u00e3o pendurados nas janelas e portas e atuam como um an\u00fancio da brisa que chega para ajudar a amenizar o forte calor t\u00edpico da esta\u00e7\u00e3o<\/b>.<\/p>\n","protected":false},"featured_media":1689,"template":"","meta":{"om_disable_all_campaigns":false,"_monsterinsights_skip_tracking":false,"_monsterinsights_sitenote_active":false,"_monsterinsights_sitenote_note":"","_monsterinsights_sitenote_category":0},"etheme_brands":[],"product_cat":[15],"product_tag":[],"_links":{"self":[{"href":"https:\/\/kazarishop.com.br\/index.php\/wp-json\/wp\/v2\/product\/1688"}],"collection":[{"href":"https:\/\/kazarishop.com.br\/index.php\/wp-json\/wp\/v2\/product"}],"about":[{"href":"https:\/\/kazarishop.com.br\/index.php\/wp-json\/wp\/v2\/types\/product"}],"version-history":[{"count":1,"href":"https:\/\/kazarishop.com.br\/index.php\/wp-json\/wp\/v2\/product\/1688\/revisions"}],"predecessor-version":[{"id":1690,"href":"https:\/\/kazarishop.com.br\/index.php\/wp-json\/wp\/v2\/product\/1688\/revisions\/1690"}],"wp:featuredmedia":[{"embeddable":true,"href":"https:\/\/kazarishop.com.br\/index.php\/wp-json\/wp\/v2\/media\/1689"}],"wp:attachment":[{"href":"https:\/\/kazarishop.com.br\/index.php\/wp-json\/wp\/v2\/media?parent=1688"}],"wp:term":[{"taxonomy":"brand","embeddable":true,"href":"https:\/\/kazarishop.com.br\/index.php\/wp-json\/wp\/v2\/etheme_brands?post=1688"},{"taxonomy":"product_cat","embeddable":true,"href":"https:\/\/kazarishop.com.br\/index.php\/wp-json\/wp\/v2\/product_cat?post=1688"},{"taxonomy":"product_tag","embeddable":true,"href":"https:\/\/kazarishop.com.br\/index.php\/wp-json\/wp\/v2\/product_tag?post=1688"}],"curies":[{"name":"wp","href":"https:\/\/api.w.org\/{rel}","templated":true}]}}