{"id":1678,"date":"2024-07-15T12:44:11","date_gmt":"2024-07-15T12:44:11","guid":{"rendered":"https:\/\/kazarishop.com.br\/?post_type=product&#038;p=1678"},"modified":"2024-07-15T13:18:54","modified_gmt":"2024-07-15T13:18:54","slug":"cabide-de-banana-prateleira-de-armazenamento","status":"publish","type":"product","link":"https:\/\/kazarishop.com.br\/index.php\/product\/cabide-de-banana-prateleira-de-armazenamento\/","title":{"rendered":"Cabide de Banana"},"content":{"rendered":"<p><span id=\"tl_2\" data-spm-anchor-id=\"a2g0o.detail.1000023.i0.6a7d9Gqn9Gqnid\"><strong>Descri\u00e7\u00e3o:<\/strong> Suporte de Armazenamento de Frutas<\/span><\/p>\n<p><span id=\"tl_3\">Materiais:<\/span><\/p>\n<p><span id=\"tl_4\"><strong>Tamanho:<\/strong> 18*12*25,7 cm\/7,09*4,72 * 10,12IN<\/span><\/p>\n<p><span id=\"tl_5\"><strong>Tipo Padr\u00e3o:<\/strong> Banana<\/span><\/p>\n<p><span id=\"tl_6\"><strong>Quantidade:<\/strong> 1 PC<\/span><\/p>\n<p><span id=\"tl_7\"><strong>Uso:<\/strong> Suporte do fruto<\/span><\/p>\n<p><span id=\"tl_9\"><strong>Caracter\u00edstica:<\/strong> Ecol\u00f3gico<\/span><\/p>\n<p><span id=\"tl_10\"><strong>Espa\u00e7o aplic\u00e1vel:<\/strong> Cozinha\/Sala<\/span><\/p>\n<p><span id=\"tl_11\"><strong>Classifica\u00e7\u00e3o:<\/strong> Rack n\u00e3o dobr\u00e1vel<\/span><\/p>\n<p><span id=\"tl_12\">Especifica\u00e7\u00f5es<\/span><strong><span id=\"tl_12\"><br \/>\n<\/span><\/strong><\/p>\n<p><strong><span id=\"tl_13\">Caracter\u00edsticas:<\/span><\/strong><\/p>\n<p><span id=\"tl_14\">1. Novo e de alta qualidade, prote\u00e7\u00e3o ambiental, n\u00e3o t\u00f3xico, seguro de usar.<\/span><\/p>\n<p><span id=\"tl_15\">2. Armazenamento ideal do fruto em sua cozinha, f\u00e1cil instalar.<\/span><\/p>\n<p><span id=\"tl_16\">3. Multifuncional, pode ser usado para pendurar chaves ou colares demasiado.<\/span><\/p>\n<p><span id=\"tl_17\">4. Mant\u00e9m sua cozinha \u00e1rea organizada e organizada.<\/span><\/p>\n<p><span id=\"tl_18\">5. Este \u00e9 um grande stand banana, suporte uva.<\/span><\/p>\n<p><span id=\"tl_19\">6. Adequado para casa, escrit\u00f3rio, cozinha, restaurantes, hot\u00e9is, festas.<\/span><\/p>\n<p><span id=\"tl_20\">7. Peso m\u00e1ximo sustent\u00e1vel: aproximadamente 10 kg.<\/span><\/p>\n<p><strong><span id=\"tl_21\">Pacote inclu\u00eddo:<br \/>\n<\/span><\/strong><\/p>\n<p><span id=\"tl_22\">Suporte do fruto 1(uma pe\u00e7a) *<\/span><\/p>\n<p><strong><span id=\"tl_23\">Notas:<br \/>\n<\/span><\/strong><\/p>\n<p><span id=\"tl_24\">1. Devido ao monitor diferente e efeito de luz, a cor real do item pode ser ligeiramente diferente da cor mostrada nas fotos.<\/span><\/p>\n<ul dir=\"ltr\">\n<li>Os objetos que ambientam as fotos n\u00e3o acompanham o produto;<\/li>\n<li>Para limpeza, n\u00e3o utilizar produtos qu\u00edmicos e abrasivos. Utilizar pano levemente umedecido\u00a0para garantir maior durabilidade do produto.<\/li>\n<\/ul>\n","protected":false},"excerpt":{"rendered":"<p>D\u00ea adeus \u00e0s bananas amassadas e d\u00ea um toque gourmet \u00e0 sua cozinha com o Cabide para Banana. Acabe com o desperd\u00edcio de bananas e as mantenha frescas por mais tempo com este suporte elegante e pr\u00e1tico.<\/p>\n","protected":false},"featured_media":1684,"template":"","meta":{"om_disable_all_campaigns":false,"_monsterinsights_skip_tracking":false,"_monsterinsights_sitenote_active":false,"_monsterinsights_sitenote_note":"","_monsterinsights_sitenote_category":0},"etheme_brands":[],"product_cat":[15],"product_tag":[],"_links":{"self":[{"href":"https:\/\/kazarishop.com.br\/index.php\/wp-json\/wp\/v2\/product\/1678"}],"collection":[{"href":"https:\/\/kazarishop.com.br\/index.php\/wp-json\/wp\/v2\/product"}],"about":[{"href":"https:\/\/kazarishop.com.br\/index.php\/wp-json\/wp\/v2\/types\/product"}],"version-history":[{"count":3,"href":"https:\/\/kazarishop.com.br\/index.php\/wp-json\/wp\/v2\/product\/1678\/revisions"}],"predecessor-version":[{"id":1681,"href":"https:\/\/kazarishop.com.br\/index.php\/wp-json\/wp\/v2\/product\/1678\/revisions\/1681"}],"wp:featuredmedia":[{"embeddable":true,"href":"https:\/\/kazarishop.com.br\/index.php\/wp-json\/wp\/v2\/media\/1684"}],"wp:attachment":[{"href":"https:\/\/kazarishop.com.br\/index.php\/wp-json\/wp\/v2\/media?parent=1678"}],"wp:term":[{"taxonomy":"brand","embeddable":true,"href":"https:\/\/kazarishop.com.br\/index.php\/wp-json\/wp\/v2\/etheme_brands?post=1678"},{"taxonomy":"product_cat","embeddable":true,"href":"https:\/\/kazarishop.com.br\/index.php\/wp-json\/wp\/v2\/product_cat?post=1678"},{"taxonomy":"product_tag","embeddable":true,"href":"https:\/\/kazarishop.com.br\/index.php\/wp-json\/wp\/v2\/product_tag?post=1678"}],"curies":[{"name":"wp","href":"https:\/\/api.w.org\/{rel}","templated":true}]}}